st the prime factors of 53847.
3, 31, 193
List the prime factors of 4877.
4877
What are the prime factors of 18320?
2, 5, 229
What are the prime factors of 19248?
2, 3, 401
List the prime factors of 8908.
2, 17, 131
What are the prime factors of 8517?
3, 17, 167
What are the prime factors of 1801?
1801
List the prime factors of 3240.
2, 3, 5
List the prime factors of 3963.
3, 1321
What are the prime factors of 18077?
18077
What are the prime factors of 116015?
5, 23203
List the prime factors of 5239.
13, 31
List the prime factors of 9678.
2, 3, 1613
List the prime factors of 9952.
2, 311
What are the prime factors of 1830?
2, 3, 5, 61
What are the prime factors of 2589?
3, 863
What are the prime factors of 986?
2, 17, 29
What are the prime factors of 882?
2, 3, 7
List the prime factors of 1089.
3, 11
What are the prime factors of 2058?
2, 3, 7
List the prime factors of 3365.
5, 673
List the prime factors of 712.
2, 89
What are the prime factors of 5030?
2, 5, 503
What are the prime factors of 4703?
4703
List the prime factors of 56216.
2, 7027
List the prime factors of 16010.
2, 5, 1601
List the prime factors of 35406.
2, 3, 7, 281
List the prime factors of 665.
5, 7, 19
List the prime factors of 25443.
3, 11, 257
List the prime factors of 2803.
2803
What are the prime factors of 38180?
2, 5, 23, 83
What are the prime factors of 3403?
41, 83
List the prime factors of 174.
2, 3, 29
What are the prime factors of 471?
3, 157
What are the prime factors of 113?
113
List the prime factors of 42087.
3, 14029
List the prime factors of 72452.
2, 59, 307
What are the prime factors of 11908?
2, 13, 229
List the prime factors of 13838.
2, 11, 17, 37
What are the prime factors of 5883?
3, 37, 53
List the prime factors of 1525.
5, 61
List the prime factors of 1385.
5, 277
What are the prime factors of 1909?
23, 83
What are the prime factors of 349?
349
What are the prime factors of 56475?
3, 5, 251
What are the prime factors of 69518?
2, 34759
List the prime factors of 633.
3, 211
What are the prime factors of 972?
2, 3
List the prime factors of 1447.
1447
What are the prime factors of 35121?
3, 23, 509
List the prime factors of 44596.
2, 11149
List the prime factors of 1537.
29, 53
What are the prime factors of 22133?
22133
List the prime factors of 30487.
43, 709
What are the prime factors of 130052?
2, 13, 41, 61
List the prime factors of 62338.
2, 71, 439
What are the prime factors of 1588?
2, 397
What are the prime factors of 3?
3
What are the prime factors of 4371?
3, 31, 47
What are the prime factors of 1170?
2, 3, 5, 13
What are the prime factors of 1188?
2, 3, 11
List the prime factors of 4102.
2, 7, 293
What are the prime factors of 1354?
2, 677
What are the prime factors of 7815?
3, 5, 521
List the prime factors of 51840.
2, 3, 5
What are the prime factors of 28?
2, 7
List the prime factors of 19367.
107, 181
What are the prime factors of 2283?
3, 761
List the prime factors of 1013.
1013
List the prime factors of 6084.
2, 3, 13
What are the prime factors of 73?
73
What are the prime factors of 4114?
2, 11, 17
What are the prime factors of 183?
3, 61
What are the prime factors of 11695?
5, 2339
What are the prime factors of 1667?
1667
List the prime factors of 37.
37
List the prime factors of 2839.
17, 167
What are the prime factors of 27912?
2, 3, 1163
List the prime factors of 4688.
2, 293
What are the prime factors of 678?
2, 3, 113
What are the prime factors of 698?
2, 349
What are the prime factors of 2521?
2521
What are the prime factors of 11493?
3, 1277
What are the prime factors of 2158?
2, 13, 83
List the prime factors of 37389.
3, 11, 103
What are the prime factors of 68739?
3, 11, 2083
What are the prime factors of 25194?
2, 3, 13, 17, 19
What are the prime factors of 6284?
2, 1571
List the prime factors of 3604.
2, 17, 53
What are the prime factors of 2416?
2, 151
List the prime factors of 81290.
2, 5, 11, 739
List the prime factors of 7722.
2, 3, 11, 13
What are the prime factors of 104224?
2, 3257
List the prime factors of 6330.
2, 3, 5, 211
What are the prime factors of 3782?
2, 31, 61
List the prime factors of 81193.
7, 1657
List the prime factors of 11531.
13, 887
What are the prime factors of 1809?
3, 67
List the prime factors of 76080.
2, 3, 5, 317
What are the prime factors of 41?
41
List the prime factors of 8438.
2, 4219
List the prime factors of 54863.
83, 661
What are the prime factors of 917?
7, 131
What are the prime factors of 27107?
27107
What are the prime factors of 14105?
5, 7, 13, 31
What are the prime factors of 62731?
62731
What are the prime factors of 6014?
2, 31, 97
What are the prime factors of 5399?
5399
List the prime factors of 379.
379
What are the prime factors of 67099?
17, 3947
List the prime factors of 883.
883
What are the prime factors of 8134?
2, 7, 83
What are the prime factors of 6201?
3, 13, 53
What are the prime factors of 90751?
151, 601
What are the prime factors of 65606?
2, 32803
List the prime factors of 3452.
2, 863
What are the prime factors of 1461?
3, 487
List the prime factors of 485.
5, 97
What are the prime factors of 40159?
7, 5737
What are the prime factors of 39864?
2, 3, 11, 151
What are the prime factors of 3131?
31, 101
What are the prime factors of 134?
2, 67
What are the prime factors of 25862?
2, 67, 193
What are the prime factors of 1482?
2, 3, 13, 19
List the prime factors of 34162.
2, 19, 29, 31
List the prime factors of 3963.
3, 1321
List the prime factors of 150.
2, 3, 5
What are the prime factors of 6235?
5, 29, 43
What are the prime factors of 27143?
27143
What are the prime factors of 36485?
5, 7297
What are the prime factors of 1184?
2, 37
List the prime factors of 6423.
3, 2141
What are the prime factors of 3688?
2, 461
List the prime factors of 83801.
47, 1783
What are the prime factors of 368?
2, 23
List the prime factors of 60432.
2, 3, 1259
What are the prime factors of 6338?
2, 3169
What are the prime factors of 2311?
2311
What are the prime factors of 37?
37
List the prime factors of 118262.
2, 29, 2039
List the prime factors of 4762.
2, 2381
What are the prime factors of 13531?
7, 1933
What are the prime factors of 21515?
5, 13, 331
What are the prime factors of 4141?
41, 101
What are the prime factors of 2676?
2, 3, 223
What are the prime factors of 158923?
158923
What are the prime factors of 968?
2, 11
List the prime factors of 1118.
2, 13, 43
List the prime factors of 1732.
2, 433
What are the prime factors of 3514?
2, 7, 251
List the prime factors of 63617.
63617
What are the prime factors of 11425?
5, 457
What are the prime factors of 41080?
2, 5, 13, 79
What are the prime factors of 72171?
3, 11
List the prime factors of 42449.
11, 17, 227
List the prime factors of 1262.
2, 631
What are the prime factors of 188?
2, 47
List the prime factors of 7729.
59, 131
List the prime factors of 185875.
5, 1487
List the prime factors of 1943.
29, 67
List the prime factors of 1288.
2, 7, 23
What are the prime factors of 1389?
3, 463
List the prime factors of 33824.
2, 7, 151
List the prime factors of 1803.
3, 601
What are the prime factors of 2354?
2, 11, 107
List the prime factors of 9650.
2, 5, 193
What are the prime factors of 47435?
5, 53, 179
What are the prime factors of 697?
17, 41
List the prime factors of 132040.
2, 5, 3301
What are the prime factors of 167052?
2, 3, 13921
List the prime factors of 40432.
2, 7, 19
What are the prime factors of 2692?
2, 673
List the prime factors of 46261.
46261
List the prime factors of 16245.
3, 5, 19
What are the prime factors of 2082?
2, 3, 347
What are the prime factors of 793?
13, 61
List the prime factors of 923.
13, 71
List the prime factors of 321.
3, 107
What are the prime factors of 23765?
5, 7, 97
List the prime factors of 10227.
3, 7, 487
What are the prime factors of 55?
5, 11
List the prime factors of 3549.
3, 7, 13
What are the prime factors of 101241?
3, 7, 1607
What are the prime factors of 8655?
3, 5, 577
List the prime factors of 779.
19, 41
What are the prime factors of 1537?
29, 53
List the prime factors of 49721.
7, 7103
What are the prime factors of 22188?
2, 3, 43
What are the prime factors of 647?
647
List the prime factors of 498.
2, 3, 83
List the prime factors of 2625.
3, 5, 7
What are the